37 + -4). Let j be (-24)/d + 6/33. What are the prime factors of n(j)?
5
Suppose -4*m - 15 = -51. What are the prime factors of m?
3
Suppose 4*g - v = -0*v + 5, -20 = -3*g + 4*v. Suppose -5*c + 10 + 20 = g. What are the prime factors of c?
2, 3
What are the prime factors of (-5 + -3)*(-2)/(-4)*-10?
2, 5
Suppose 2*n - 23 - 9 = 0. List the prime factors of n.
2
Let t(o) = 3*o**3 - 2*o**2 + o. Let d be t(1). Suppose -5*n + 78 = -d*n. What are the prime factors of n?
2, 13
Let q be 13/(-1 - 0/(-3)). Suppose 5*x = -3*j + 16, -2*x - x = 2*j - 9. Let p = j - q. What are the prime factors of p?
2, 5
Let q be (4 - 0)*(-3)/4. Suppose 3*c + 1 = -2*t, 3*c = -3*t - 0*t. Let u = t - q. List the prime factors of u.
2
Let k(l) = l**3 - 1. Let s(h) = 3*h**3 + h - 6. Let r(g) = -5*k(g) + s(g). List the prime factors of r(-2).
13
Suppose -10*b = 6*b - 1712. List the prime factors of b.
107
Let x(b) = b - b + 10*b + 8. Let v be x(6). What are the prime factors of (-2)/(-3) - v/(-6)?
2, 3
Suppose -2*c + c + 30 = 5*x, 4*c + 5*x = 165. List the prime factors of c.
3, 5
Let y be (2 - (-3)/(-3)) + 2. Let p = 5 - y. List the prime factors of 5 + -4 - p/(-1).
3
Suppose 0 = 4*s - 3*s - 9. Suppose -5*y = -4*k + 3, -5*k + 0*k + y = -s. What are the prime factors of k?
2
Let y be 103/(-2) + (-3)/6. Suppose -8 = 3*x - 7*x. What are the prime factors of y/(-20) + x/5?
3
Suppose -i = -a - 0*i + 7, -3*a = 2*i + 4. Suppose -19 + 65 = l + a*f, -117 = -3*l + f. What are the prime factors of l?
2, 5
Let z(u) be the third derivative of -u**6/120 + u**5/10 + 3*u**4/8 - u**3 - 2*u**2. Let d be z(7). List the prime factors of d + (-3)/((-3)/2).
2, 5
Let g(i) = i + 5. Suppose 0 = 3*c - 2*c. Suppose c = 3*j - 2*j. What are the prime factors of g(j)?
5
Let z = 8 + -5. Suppose z = i + 3*m - 27, -i + 5*m = 2. What are the prime factors of i?
2, 3
List the prime factors of ((-18)/(-21))/(4/28).
2, 3
Suppose -22 = 3*y - 454. What are the prime factors of y?
2, 3
List the prime factors of (6/(-4))/(16/(-224)).
3, 7
Let v = -11 + 14. Suppose -v*p + 9 = -12. What are the prime factors of p?
7
Suppose -2*k - 11 = -5*m + 35, -k = 2*m - 22. What are the prime factors of m?
2, 5
Suppose 5 = 4*x - 7. Let h(k) = -x*k + 0*k**3 - 2*k + k**3 + 4*k**2 + 6. What are the prime factors of h(-5)?
2, 3
Suppose 276 = 3*b + 2*m, -5*b + 4*m + 296 + 186 = 0. List the prime factors of b.
2, 47
Let f(m) = m**2 + 4*m + 4. Let j be f(-3). Let o(g) = -2*g - 1. Let v be o(j). Let h = 12 + v. List the prime factors of h.
3
Suppose 4*m - m - 126 = 0. Suppose y - 3*y + m = 0. List the prime factors of y.
3, 7
Let f = 9 + 55. What are the prime factors of (-2)/(-6) + f/6?
11
Let m be (-116)/(-12) - (-2)/6. Let p be 4/m + (-12)/(-20). What are the prime factors of 2/2 - p - -4?
2
Let d(b) = b**2 + 2*b - 7. Let u be d(-7). Let f = u + -6. List the prime factors of f.
2, 11
Suppose 5*b + z - 809 = 0, b - 3*z = -2*z + 163. What are the prime factors of b?
2, 3
List the prime factors of (-217)/2*(-4)/7.
2, 31
Let c = -37 + 148. What are the prime factors of c?
3, 37
Let t(q) = q**2 + 2*q - 1. Let w be t(-3). Suppose 3*i - w = 4. List the prime factors of i.
2
Let y = -13 + 17. Suppose -2*g = -7*g - s + 29, y*g - 4*s - 4 = 0. What are the prime factors of g?
5
Let h be 24/(-4)*(-1)/2. List the prime factors of (-14)/(-6) - h/9.
2
Let g = 154 + -85. List the prime factors of g.
3, 23
Let p(n) = -2*n. Let m be p(-2). Suppose -28 = -f - 0*f - 3*w, m*w - 28 = -f. What are the prime factors of f?
2, 7
Suppose -4*f + 2*k = -58, 5*k = f - 2*f + 20. Suppose 0 = 14*c - 15*c + f. What are the prime factors of c?
3, 5
Suppose 3*a - 2*a + 16 = 2*z, 3*a + 57 = 3*z. Let c be 4/a + (-534)/(-33). Suppose c = 4*n + 4. List the prime factors of n.
3
Suppose 2*x + 142 = 2*q - x, 5*q = 3*x + 346. What are the prime factors of q?
2, 17
Let o(u) = 3*u + 8*u**2 + 7*u + 4 + 4 + u**3. List the prime factors of o(-6).
2, 5
Suppose 2*n - 35 + 11 = 0. What are the prime factors of n?
2, 3
Let x be (-22)/(-5) + 8/(-20). Suppose -25 = -x*j + 3*j. List the prime factors of j.
5
Suppose 13 = -2*r - 4*z - 7, 10 = 3*r - 4*z. Let x = -1 - r. Suppose -2*a + 12 = a, 5*w - 4*a + x = 0. What are the prime factors of w?
3
Suppose -9*i - 352 = -13*i. List the prime factors of i.
2, 11
Let z(w) be the second derivative of w**4/12 - w**3/3 + w. Let u be z(2). Suppose 0 = -j - 0*i + 3*i, u = 5*j + 3*i - 72. What are the prime factors of j?
2, 3
Let j(y) be the first derivative of -y**3/3 - 11*y**2/2 + 14*y + 2. Let t be j(-12). Suppose -n + 9 = t*n. What are the prime factors of n?
3
Let c(o) = o + 1 + 0 + 4*o**2 + 7*o**2. Let t be c(-1). Suppose -r - 3 - t = -2*v, 0 = -3*v - r + 31. List the prime factors of v.
3
Suppose 1 + 14 = 5*a. What are the prime factors of (-328)/(-12) + 2/a?
2, 7
Let r(t) = -5*t + 4. Let v be r(-5). Suppose -4*u = -16, -2*u - 5 = 2*c - v. Let w(f) = f**2 - 8*f + 12. List the prime factors of w(c).
2, 3
Let c(a) = 3 + 9*a**2 - a + 2*a + 1 + a**3 - 2*a**3. What are the prime factors of c(9)?
13
Let w = -66 + 105. What are the prime factors of w?
3, 13
Suppose -l + 66 = 4*y, -4*l + y + 34 = -298. List the prime factors of l.
2, 41
Let k = 21 - -24. What are the prime factors of (10/3)/(10/k)?
3, 5
Let d(c) = 4*c + 20. List the prime factors of d(8).
2, 13
Let d(c) = c**3 - 11*c**2 - 13*c + 8. Let b be d(12). Let v(u) = -u**2 - 6*u - 1. List the prime factors of v(b).
7
Let c(d) = -d**3 + 4*d**2 + d. Suppose 0 = -j - 0*j. Suppose -h + 4 = -j*h. List the prime factors of c(h).
2
Suppose 0 = 5*w + 4*v + 35 + 52, 0 = v + 3. Let r = 30 + w. What are the prime factors of r?
3, 5
Let x be (-86)/(-18) + 4/18. Suppose 0*m = -x*m + 25. Suppose m*p = 3*p + 10. What are the prime factors of p?
5
Suppose -2*y + 3*y - 2 = 0. Suppose -y*w + 67 - 21 = 0. List the prime factors of w.
23
Suppose 10 = -5*w + 2*v, -2*v - 2*v - 40 = 5*w. List the prime factors of w*(-1 - (-23)/(-4)).
3
Let j = 122 - 45. Suppose -j + 27 = -5*o. What are the prime factors of o?
2, 5
Let p(b) = 0*b + 0 - b - 1 + 2*b. List the prime factors of p(5).
2
Suppose -q - 3*q = -668. What are the prime factors of q?
167
Suppose -3*i = 4*y - 416, -72 = -2*i - y + 212. What are the prime factors of i?
2, 3
Let h be 18 + (-1 - (2 - 1)). Let p = h + -11. Suppose g + 33 = 4*o, -2*o = 2*o + p*g - 3. What are the prime factors of o?
7
Suppose -8*y = -4*y - 72. List the prime factors of (1 - 1) + -1 + y.
17
List the prime factors of (-1)/4 + 567/12.
47
Let c(m) = m**2 - 2*m - 1. Suppose -2*d + 5*g + 31 = 0, -d - 2*g - 22 = -5*d. Let u be c(d). Let o(j) = j. List the prime factors of o(u).
2
Let u(j) = 3*j**2 - 9*j + 4. List the prime factors of u(5).
2, 17
Let y be (-111)/9 - (-1)/3. Let u be 2*(38/4)/1. Let w = y + u. List the prime factors of w.
7
Suppose -450 = -f - f. Suppose -f = -9*l + 4*l. Suppose 5*u - l + 5 = 0. List the prime factors of u.
2
Let d be 3/2 + 77/(-14). Let h = 33 + d. What are the prime factors of h?
29
Suppose 10*w - 5*w = 20. Let b(t) = -3 + 0*t**3 + 2*t + 0 + w*t**2 - t**3 + 2*t**2. What are the prime factors of b(6)?
3
List the prime factors of (-48)/(-27) - 4/(-18) - -18.
2, 5
Suppose 0*q - 4*q = -20. Suppose 0 = -q*z + 13 + 7. List the prime factors of z.
2
Let b(p) = -6*p**2 + 3 + 8*p - p + 7*p**2. What are the prime factors of b(-7)?
3
Suppose -m - 4*p + 15 + 8 = 0, -2*p - 6 = 0. List the prime factors of m.
5, 7
Let x(t) = t + 3. Let u be x(-11). Let n = -6 - u. Suppose -d - 2 = -n*d. List the prime factors of d.
2
Suppose 13 = -4*y + 1, 25 = q - 3*y. What are the prime factors of q?
2
Let d = -2 + 3. Suppose -f + d + 2 = 0. Suppose -w = -f*w + 12. What are the prime factors of w?
2, 3
Suppose 11*c = 6*c + 210. Let k = c - 30. List the prime factors of k.
2, 3
Let s(l) = l**3 + 6*l**2 + 3*l - 6. What are the prime factors of s(-5)?
2
Suppose l - 6*l + 25 = 0, 4*o = -l - 3. What are the prime factors of 36 + 2 + 0 + o?
2, 3
Let b be 7 + 2 - 2/(-1). List the prime factors of (b - (1 - 1)) + 1.
2, 3
Let i = 7 + -3. Suppose -i*x + 113 = 3*l, -l - 4*x = -6*l + 167. List the prime factors of l.
5, 7
Let y = 73 + 276. What are the prime factors of y?
349
List the prime factors of 20/(-30) + (-928)/(-6).
2, 7, 11
Suppose 0 = 4*j + o + 4*o - 13, -2*o + 12 = 5*j. Let g = 7 - j. 